 483 - 322. Is v a prime number?
False
Suppose -4*g = -4*y + 90884, -y - 770 = -4*g - 23488. Suppose -7*u - y = -13*u. Is u composite?
True
Suppose -3*f - 5*z = -6*z - 163573, -2*f + 2*z = -109054. Is f composite?
True
Let r(o) be the second derivative of o**4/4 - o**3/6 + 5*o**2/2 + 2*o. Is r(-6) prime?
False
Let g(r) = -4*r**3 - r**2. Let v be g(-1). Suppose 4*n - 5592 = 2*j - 0*j, -v*j + 1405 = n. Is n a prime number?
True
Is (-36)/(-15) + -2 + (-53704)/(-40) composite?
True
Suppose 0 = -4*j + 9*j - 15. Suppose -j*z = -2*p + 407, -4*p + 417 = -2*p - z. Is p a prime number?
True
Suppose 3*j + 4*z - 12 = j, z - 8 = 2*j. Let g be ((-1)/j)/(9/(-72)). Is 0/(g + 2) - -53 composite?
False
Suppose 3*r + 70 = 19. Let s = 70 + r. Suppose 2*k = -s + 385. Is k composite?
True
Let o(y) = -12*y - 7. Let n be o(-9). Let q = n - 48. Is q composite?
False
Let g(j) = -j + 14. Let x be g(-9). Let y(p) = p**3 - 22*p**2 - 18*p - 24. Is y(x) prime?
False
Suppose i = -3*p + 10916, -13287 = -4*p + 4*i + 1241. Is p a composite number?
False
Let y(l) = -173*l - 144. Is y(-5) prime?
False
Let b be (-92)/(-2)*48/(-32). Let l = b + 290. Is l prime?
False
Suppose 5*n = -1 + 66. Suppose 0 = 3*t - 4*x + 17, n = -2*t + 2*x + 5. Is 5260/16 - t/(-4) a composite number?
True
Let x(l) = 7*l**2 + 5*l + 1707. Let h(w) = -3*w**2 - 2*w - 853. Let t(j) = -5*h(j) - 2*x(j). Is t(0) composite?
True
Let i be (1 + -1)*(-4 - -3). Suppose i = 2*x + a - 77 - 2244, -4*x + 4632 = 4*a. Is x a composite number?
False
Let n(j) = -11*j - 1. Let l(p) = -21*p - 2. Let u(c) = 3*l(c) - 7*n(c). Let d be u(-3). Is 2/4*-6 - d a prime number?
False
Let l(p) = p**2 + 4*p + 7. Suppose -18 = 3*a + 3*i, -4*i = 18 - 6. Let c be l(a). Is ((-1)/3)/(c/(-468)) prime?
False
Suppose 4*y + 12 + 4 = 0, 5*t + 2*y = 182. Is (26 - 25)/(2/t) composite?
False
Let x(h) = 26*h**2 - 73*h + 89. Is x(-26) a prime number?
False
Let o(k) be the third derivative of k**5/120 + 3*k**4/8 + 7*k**3/6 - 7*k**2. Let w(p) be the first derivative of o(p). Is w(0) a prime number?
False
Let d(a) = -167*a - 1302. Is d(-13) a prime number?
False
Let s(l) = -234*l - 14. Let o be s(-9). Let r = o - 1205. Is r composite?
False
Let a be (4 + -1)/((-1)/(-2)). Suppose a*d = 3*d + 90. Suppose 224 = 2*c + d. Is c a prime number?
True
Let u(j) = 2*j + 75*j**2 - 3*j + 1 + 2*j. Suppose 2*n - 54 = 20*n. Is u(n) a composite number?
False
Let c(d) = 4*d**3 + 2*d**2 - 3*d + 2. Let o(r) = -r**3 + 7*r**2 + r - 8. Let x be o(7). Let b(y) = 4*y**2 + y. Let v be b(x). Is c(v) prime?
False
Is 4 + 1183/7*63 a composite number?
False
Let q(s) = -s - 45. Let f be q(0). Let l = 122 + f. Is l a prime number?
False
Suppose r = -132 - 113. Let t = 1134 + r. Is t composite?
True
Suppose -3*y + 38 = -5*d, 0 = 5*y - 3*d + 4*d - 82. Suppose -2*l + 5*x + 21 + y = 0, 45 = 5*l - 3*x. Is (3 - l)/((-6)/298) a composite number?
False
Let x be 2*1/(-7) + (-60)/(-14). Suppose -3*t - 84 = -x*i + i, 3*t - 77 = -4*i. Is i a prime number?
True
Let u(m) = 1170*m + 6. Let k be u(8). Suppose -7*p + 18599 = -k. Suppose -4*n = 2*s + s - 2399, 5*s - p = -5*n. Is s a composite number?
False
Let v = 27 - 7. Suppose 17*r = v*r - 10095. Is r a composite number?
True
Suppose -2*m = 5*y - 994, -5*m + 11 = 1. Let g = y + 25. Is g composite?
False
Suppose 17 = 3*l - 5*l - 3*u, 0 = -3*l + 4*u. Let a(d) = -2*d**3 - 4*d - 3. Is a(l) a prime number?
False
Let p = 9 - 6. Let y(s) = 22*s**p - 1 - 3 + s**2 + s + 2*s - 3*s**2. Is y(3) a composite number?
True
Is (52093/(-15))/(-1) - (-10)/75 a composite number?
True
Let b be 12/30 - 159/(-15). Is 10/(-55) - (-3489)/b prime?
True
Let v(n) = 4*n + 2. Let k be v(-5). Let a = 21 + k. Suppose -a*u + 71 = -40. Is u a prime number?
True
Suppose 4*r = 3*w - 2742, 5*w - 2*r + 914 = 6*w. Is w prime?
False
Let w(r) = r**2 - 2*r. Let n be w(-2). Suppose 2*v = n*v. Suppose l = 4*i + 383, 2*l - 762 = -v*l + 4*i. Is l a prime number?
True
Let k(r) = 11*r + 9. Let s be k(-1). Is 2 - s - (-22431)/3 a prime number?
True
Let i = 59732 - 37389. Is i composite?
False
Is (5 - (-46)/(-8)) + (-8398)/(-8) prime?
True
Is -3 + 1764 + -4 + 0/1 a prime number?
False
Let n(r) be the third derivative of r**7/2520 + 323*r**6/720 - 3*r**5/20 - r**2. Let l(j) be the third derivative of n(j). Is l(0) a prime number?
False
Suppose 3*t - 2*b + 5*b = 27, 0 = -2*t - b + 23. Let o = t - 10. Suppose 3*f - o = 89. Is f prime?
True
Suppose 0 = -5*y - 11 + 26. Let l(r) = 69*r + 10. Is l(y) composite?
True
Suppose -h - 13 = -6. Let p(w) = 10*w**2 + 12*w + 3. Is p(h) prime?
True
Let p(i) = -339*i + 235. Is p(-14) prime?
False
Let j be 1/3 - (-8)/3. Suppose j*i = -3*b + 15, -4*b + 22 = 2*i - 2. Suppose b*o = 4*o + 1257. Is o a composite number?
False
Let t = 163 - -120. Suppose i + 5*g = t, -3*i + 4*g - g + 903 = 0. Is i a prime number?
False
Is (-16)/40 - (-4417)/5 prime?
True
Suppose 12*f = 28464 + 52524. Is f prime?
False
Let l(c) = 148*c**2 - 206*c + 1. Is l(12) a composite number?
True
Suppose 9905 = r + 2*y + y, 4*r - 39594 = y. Is r a composite number?
True
Suppose 5*g - 381615 = -10*h + 12*h, -2*g + 3*h + 152657 = 0. Is g composite?
True
Suppose 14*f + 63 = 17*f. Is (-12)/(-3) - f*-41 a prime number?
False
Let g be 2 - (21564/(-4) - (0 - 3)). Suppose 2*u - f - 5405 = 0, 2*u + f = 5*f + g. Is u prime?
False
Let w = 96 - 94. Suppose -4*o - 2*d = -0*o - 774, 2*o = w*d + 372. Is o composite?
False
Suppose -13*o + 1106 = -6*o. Is o composite?
True
Let w(p) = 816*p**2 + p - 2. Let n be (10/20)/(2/4). Is w(n) composite?
True
Let i = 23597 - 9424. Is i composite?
False
Suppose 9 = b - 12. Let a = b + 0. Let l = a - 0. Is l a prime number?
False
Suppose -9*q + 7*q + 16945 = 5*p, 5*p - q = 16930. Is p a prime number?
False
Suppose -k = -3*y + 166, 2*k - 7*k = -y + 46. Let n = 103 + y. Is n composite?
True
Suppose -2*c = 13 - 5. Is (18/(-27))/(c/2670) a composite number?
True
Suppose -3245 - 8539 = -24*v. Is v a composite number?
False
Suppose 14*w + 2404 = 16026. Let c = -342 + w. Is c composite?
False
Suppose -4*n - 4*g + 56948 = 0, -2*n - 4*g + 28478 = -g. Is n composite?
True
Let p(j) = j**3 - 14*j**2 - 19*j + 15. Suppose -3*z - 89 = -8*z - 3*t, -2*t + 54 = 3*z. Is p(z) composite?
False
Let n(z) = 41*z + 27. Let h be n(7). Suppose -4*g + h = -2*g. Is g a prime number?
True
Let r(j) be the third derivative of 39*j**4/8 + j**3/6 - 5*j**2. Is r(2) composite?
True
Suppose -7 = 3*a + 2. Let w be (-1)/2*0 - a. Is 21/9*w*7 prime?
False
Let c be (-3)/2*12/(-18). Let s be c + 2 - 10/(-5). Suppose 840 = 4*n - 4*x, s*n + 212 = 6*n - 3*x. Is n a composite number?
True
Suppose -n = -4*g + 2*g + 7, -3*n = 2*g + 5. Suppose -w = g*v - 2*w - 3674, -4*v + 7342 = -5*w. Is v a prime number?
False
Let k = -19244 + 33243. Is k a composite number?
False
Suppose -114105 = -12*d - 3*d. Suppose 3*h - 3*t = 2618 + 4984, -d = -3*h + 2*t. Is h composite?
False
Let g be 385*(-1 - (-14)/10). Let t = 269 - g. Is t a composite number?
True
Suppose 10*i + 1573356 = 5*a + 11*i, 314667 = a - 4*i. Is a prime?
False
Let o(z) = -100*z + 831. Is o(-55) prime?
False
Let y(b) = 222*b. Let k(a) = 37*a. Let j(f) = 37*k(f) - 6*y(f). Let h be 10/4 + 27/(-18). Is j(h) a prime number?
True
Suppose 4*f - 5*n = 9342, -4*f - 5*n + 4*n + 9330 = 0. Is f composite?
False
Let u = -207 + 470. Is u a composite number?
False
Suppose 0 = -3*c - 4*v + 19, c - 3 = -3*v + 5*v. Suppose -a - d = -2*a + 699, 3*d + 3485 = c*a. Is a a prime number?
False
Let a(l) = 11*l**2 - 12*l + 11. Let o = 39 + -32. Is a(o) a composite number?
True
Suppose 3*a = -38 - 4. Let t = -5 - a. Suppose 0 = -2*w - 5*c + 149 + t, 5*c + 465 = 5*w. Is w a prime number?
True
Suppose -3*z + 5*z = -3*n + 2879, -2909 = -3*n + 4*z. Suppose 0 = 2*a - w - 1410 - 471, a - n = -4*w. Is a a composite number?
True
Let h be (-7 - -10)/(3/5). Suppose -1274 = h*y + 1071. Let k = 720 + y. Is k composite?
False
Let z(a) = 205*a**2 + 9*a + 9. Let k be z(4). Suppose -3*r = 4*j - k, 4*r - 6*j - 4485 = -j. Is r a composite number?
True
Let i = 58195 - -18754. Is i prime?
True
Suppose -f - 1379 = -8*f. Suppose -f*u - 201 = -198*u. Is u a composite number?
True
Suppose -2*c + 12 = -4*m, 0 = 7*c - 2*c - 2*m - 22. Suppose 5*i = 3*p - c*p + 2240, 5*p = 3*i - 1316. Is i a prime number?
False
Let p(z) be the seco